ivide 67666344?
True
Is 1132385502 a multiple of 1545?
False
Does 3982 divide 804324180?
True
Is 1070451388 a multiple of 2122?
True
Is 3025828736 a multiple of 38?
True
Is 44448700 a multiple of 25?
True
Is 23215477 a multiple of 135?
False
Is 46 a factor of 177002?
False
Does 718 divide 891802670?
True
Is 939139092 a multiple of 6477?
True
Does 2 divide 9669913?
False
Is 19 a factor of 98758998?
True
Is 28377787 a multiple of 7?
False
Is 270553188 a multiple of 113?
True
Does 18 divide 3683913?
False
Does 62 divide 152924736?
True
Is 101 a factor of 31388578?
True
Does 40 divide 592610480?
True
Is 63 a factor of 40007457?
True
Is 9 a factor of 269264605?
False
Is 2287 a factor of 426635276?
True
Does 43 divide 9235970?
True
Does 24 divide 1719744?
True
Does 482 divide 60962656?
False
Is 29 a factor of 85443726?
False
Is 41941915 a multiple of 263?
False
Is 2110519941 a multiple of 87?
False
Does 1665 divide 5035767?
False
Is 6232029 a multiple of 11?
False
Is 462675148 a multiple of 4603?
True
Does 1393 divide 177603321?
True
Is 62174168 a multiple of 14?
True
Is 15176829 a multiple of 23?
False
Is 1283891 a multiple of 25?
False
Does 45 divide 48249360?
True
Is 3722879320 a multiple of 37?
True
Is 3289453 a multiple of 30?
False
Is 31596918 a multiple of 70?
False
Is 650895680 a multiple of 320?
True
Is 195660878 a multiple of 25?
False
Is 20528728 a multiple of 12?
False
Does 85 divide 124621992?
False
Does 22 divide 2933678318?
False
Does 2586 divide 60155532?
True
Is 2662 a factor of 25765498?
True
Does 4097 divide 34025585?
True
Is 190 a factor of 7124810?
True
Is 14 a factor of 182282965?
False
Is 23 a factor of 11652329?
True
Is 78966252 a multiple of 3699?
True
Does 2699 divide 280946920?
False
Does 315 divide 60602163?
False
Does 8 divide 3251440535?
False
Does 13 divide 36433407?
False
Does 8 divide 75271395?
False
Does 5 divide 1729408588?
False
Does 580 divide 82617332?
False
Is 423 a factor of 47365523?
False
Is 16 a factor of 3519135160?
False
Is 352 a factor of 98856653?
False
Is 859 a factor of 1035911909?
True
Is 86684624 a multiple of 1138?
False
Is 1033115118 a multiple of 20?
False
Is 2767508199 a multiple of 48?
False
Is 1036257666 a multiple of 97?
False
Does 354 divide 4822215966?
True
Does 491 divide 187973264?
False
Does 2340 divide 94781700?
True
Does 376 divide 95090314?
False
Is 5 a factor of 4382398?
False
Does 286 divide 607148147?
False
Does 21 divide 10576062?
True
Is 1408 a factor of 282042112?
True
Is 4195 a factor of 55814475?
True
Does 11 divide 74037741?
False
Does 817 divide 5290075?
True
Is 43817540 a multiple of 52?
True
Is 144023048 a multiple of 2809?
True
Is 4234 a factor of 12045730?
True
Is 803263800 a multiple of 12?
True
Does 674 divide 437594500?
True
Does 2277 divide 1163608479?
True
Is 143851279 a multiple of 347?
True
Does 52 divide 379487160?
True
Is 13 a factor of 7199270?
True
Is 6 a factor of 5765562?
True
Does 126 divide 23674392?
True
Is 31 a factor of 53444000?
True
Is 176856562 a multiple of 206?
True
Is 2820 a factor of 1202833844?
False
Is 3846677 a multiple of 6?
False
Does 192 divide 2246046912?
True
Is 1335360124 a multiple of 3143?
True
Is 71 a factor of 7113348?
True
Is 3241417 a multiple of 124?
False
Does 244 divide 69070829?
False
Is 610233004 a multiple of 31?
False
Is 1972200 a multiple of 10?
True
Does 222 divide 19914066?
True
Does 2 divide 55184828?
True
Is 959 a factor of 388612434?
False
Is 1083 a factor of 14629317?
False
Is 39 a factor of 3025503?
True
Is 1041198667 a multiple of 40?
False
Is 32844341 a multiple of 3?
False
Is 8430050 a multiple of 10?
True
Does 4 divide 159439567?
False
Is 29552795 a multiple of 9?
False
Is 542588953 a multiple of 4644?
False
Does 1301 divide 242237164?
False
Is 135 a factor of 361174618?
False
Is 69 a factor of 17764364?
False
Is 16255888 a multiple of 16?
True
Does 5 divide 36322821?
False
Is 1666368 a multiple of 36?
True
Is 17 a factor of 277136806?
False
Is 13 a factor of 2546167?
True
Does 77 divide 91286195?
True
Is 23 a factor of 187811261?
True
Is 67520304 a multiple of 648?
True
Is 2449267 even?
False
Is 15 a factor of 3329748?
False
Is 779 a factor of 100120131?
False
Is 1069 a factor of 983073780?
True
Is 290731584 a multiple of 1716?
True
Is 98554946 a multiple of 1489?
False
Does 265 divide 14388791?
False
Is 324071946 a multiple of 2783?
False
Is 12 a factor of 1665175?
False
Does 3 divide 238011271?
False
Is 7 a factor of 48980505?
True
Does 1946 divide 1171819423?
False
Does 3501 divide 95346234?
True
Is 171 a factor of 2392455528?
True
Is 2937807 a multiple of 727?
True
Is 5 a factor of 7718846?
False
Does 3 divide 267865145?
False
Is 331344816 a multiple of 2807?
False
Is 87 a factor of 942975174?
False
Does 157 divide 2686584?
True
Is 28456623 a multiple of 57?
True
Is 1389 a factor of 30437979?
False
Is 1927698230 a multiple of 1370?
True
Is 1623 a factor of 4289911977?
True
Does 23 divide 582398109?
False
Is 10626976 a multiple of 1061?
True
Does 31 divide 569612197?
True
Is 328 a factor of 1001025169?
False
Is 25126416 a multiple of 336?
True
Is 4427 a factor of 285327810?
False
Does 12 divide 1093141565?
False
Is 40744935 a multiple of 9?
True
Is 73 a factor of 28703819?
True
Is 57484256 a multiple of 2344?
True
Does 105 divide 999185565?
True
Is 3249 a factor of 20986884?
False
Is 31 a factor of 1008708376?
False
Is 51133638 a multiple of 121?
False
Is 53869404 a multiple of 1633?
True
Is 29882181 a multiple of 21?
True
Is 918 a factor of 29063644?
False
Is 468 a factor of 255920481?
False
Is 34194276 a multiple of 531?
True
Is 47445862 a multiple of 871?
False
Does 5224 divide 38354608?
True
Does 310 divide 14454680?
True
Does 402 divide 511387?
False
Is 4579 a factor of 1327189307?
False
Is 2625 a factor of 11344700?
False
Is 37 a factor of 964097052?
False
Does 130 divide 948435020?
True
Does 130 divide 47100342?
False
Is 58 a factor of 48480856?
False
Is 1551034430 a multiple of 2145?
False
Does 183 divide 6508212?
True
Is 31623604 a multiple of 200?
False
Is 377 a factor of 2333738576?
True
Is 9 a factor of 585392127?
False
Is 4438 a factor of 718155173?
False
Is 14989446 a multiple of 15?
False
Is 26867225 a multiple of 861?
False
Does 39 divide 1828669557?
True
Is 69 a factor of 667544640?
True
Does 628 divide 43360231?
False
Is 16 a factor of 19034960?
True
Is 99338924 even?
True
Does 2008 divide 81655320?
True
Is 32 a factor of 1453877120?
True
Does 2205 divide 2159354295?
True
Is 31 a factor of 280679524?
False
Is 42 a factor of 519519891?
False
Is 342 a factor of 498508092?
True
Is 21 a factor of 149728260?
False
Does 36 divide 67889232?
True
Does 287 divide 59103803?
False
Is 13 a factor of 450130811?
True
Does 79 divide 277520969?
False
Is 302393157 a multiple of 363?
True
Is 1258 a factor of 50259616?
True
Is 165131970 a multiple of 3030?
True
Is 94243245 a multiple of 447?
True
Is 7038 a factor of 3322231596?
True
Is 83232116 a multiple of 4?
True
Is 89 a factor of 288545832?
True
Does 3604 divide 68547665?
False
Is 1103427323 a multiple of 101?
True
Does 51 divide 50496634?
False
Is 431 a factor of 19709100?
False
Is 43893681 a multiple of 13?
True
Is 4668316 a multiple of 8?
False
Is 208 a factor of 947073920?
True
Is 386775334 a multiple of 4065?
False
Is 2003652040 a multiple of 520?
True
Does 966 divide 28094397?
False
Is 728737702 a multiple of 7?
True
Does 931 divide 349500193?
True
Does 47 divide 943867254?
True
Is 57896607 a multiple of 26?
False
Is 1123673438 a multiple of 113?
False
Is 14113836 a multiple of 13?
False
Does 6 divide 325545441?
False
Does 1394 divide 34659022?
True
Is 287 a factor of 245431494?
True
Is 12 a factor of 94020?
True
Is 20 a factor of 503349720?
True
Is 1250 a factor of 32620000?
True
Does 312 divide 13347360?
True
Does 135 divide 12271365?
True
Is 7216390 a multiple of 214?
False
Does 295 divide 294796450?
True
Is 23380155 a multiple of 8?
False
Is 433372716 a multiple of 21?
True
Is 38041687 a multiple of 42?
False
Is 29751618 a multiple of 871?
True
Is 18 a factor of 4123224?
True
Is 5 a factor of 106385922?
False
Does 16 divide 2553344?
True
Does 448 divide 3037758035?
False
Is 140069125 a multiple of 875?
True
Is 7 a factor of 155863729?
True
D